{"id":2692,"date":"2020-12-02T17:56:00","date_gmt":"2020-12-02T15:56:00","guid":{"rendered":"http:\/\/www.sternen-menziken.ch\/wp\/?page_id=2692"},"modified":"2025-10-07T20:13:53","modified_gmt":"2025-10-07T18:13:53","slug":"preise-bedingungen","status":"publish","type":"page","link":"https:\/\/www.sternen-menziken.ch\/wp\/preise-bedingungen\/","title":{"rendered":"Preise\/Hausordnung"},"content":{"rendered":"<p>Miete von einzelnen Stunden, Bl\u00f6cken von mehreren Stunden oder ganze Tage m\u00f6glich.&nbsp;<br>Langzeitmieten haben gegen\u00fcber Einzelstunden Vorrang, Einzelstunden k\u00f6nnen jederzeit direkt <a href=\"https:\/\/www.sternen-menziken.ch\/wp\/online-reservation\/\">online<\/a> reserviert werden. F\u00fcr Stundenbl\u00f6cke, Tagesmieten und Langzeitmieten wenden Sie sich bitte an Gabi Locher \u00fcber das Kontaktformular oder Tel. +41(0)78 794 29 37. Die Hallenmiete ist jeweils bei Schl\u00fcssel\u00fcbergabe (im Voraus) zu begleichen.<\/p>\n<p><a href=\"https:\/\/www.sternen-menziken.ch\/wp\/wp-content\/uploads\/2025\/10\/Halle5737Preisplan2025.pdf\">Halle5737 Preisplan 2025<\/a><\/p>\n<p><a href=\"https:\/\/www.sternen-menziken.ch\/wp\/wp-content\/uploads\/2025\/10\/Hausordnung-Halle5737.2025.pdf\">Hausordnung Halle5737 (Stand 2025)<\/a><\/p>\n<p>Hier gehts zur <a href=\"https:\/\/www.sternen-menziken.ch\/wp\/belegungsplan\/\">Reservation<\/a><\/p>\n\n\n<p class=\"wp-block-paragraph\"><\/p>\n","protected":false},"excerpt":{"rendered":"<p>Miete von einzelnen Stunden, Bl\u00f6cken von mehreren Stunden oder ganze Tage m\u00f6glich.&nbsp;Langzeitmieten haben gegen\u00fcber Einzelstunden Vorrang, Einzelstunden k\u00f6nnen jederzeit direkt online reserviert werden. F\u00fcr Stundenbl\u00f6cke, Tagesmieten und Langzeitmieten wenden Sie sich bitte an Gabi Locher \u00fcber das Kontaktformular oder Tel. +41(0)78 794 29 37. Die Hallenmiete ist jeweils bei Schl\u00fcssel\u00fcbergabe (im Voraus) zu begleichen. Halle5737 [&hellip;]<\/p>\n","protected":false},"author":2,"featured_media":0,"parent":0,"menu_order":0,"comment_status":"closed","ping_status":"closed","template":"","meta":{"ngg_post_thumbnail":0,"footnotes":""},"class_list":["post-2692","page","type-page","status-publish","hentry"],"_links":{"self":[{"href":"https:\/\/www.sternen-menziken.ch\/wp\/wp-json\/wp\/v2\/pages\/2692","targetHints":{"allow":["GET"]}}],"collection":[{"href":"https:\/\/www.sternen-menziken.ch\/wp\/wp-json\/wp\/v2\/pages"}],"about":[{"href":"https:\/\/www.sternen-menziken.ch\/wp\/wp-json\/wp\/v2\/types\/page"}],"author":[{"embeddable":true,"href":"https:\/\/www.sternen-menziken.ch\/wp\/wp-json\/wp\/v2\/users\/2"}],"replies":[{"embeddable":true,"href":"https:\/\/www.sternen-menziken.ch\/wp\/wp-json\/wp\/v2\/comments?post=2692"}],"version-history":[{"count":18,"href":"https:\/\/www.sternen-menziken.ch\/wp\/wp-json\/wp\/v2\/pages\/2692\/revisions"}],"predecessor-version":[{"id":3884,"href":"https:\/\/www.sternen-menziken.ch\/wp\/wp-json\/wp\/v2\/pages\/2692\/revisions\/3884"}],"wp:attachment":[{"href":"https:\/\/www.sternen-menziken.ch\/wp\/wp-json\/wp\/v2\/media?parent=2692"}],"curies":[{"name":"wp","href":"https:\/\/api.w.org\/{rel}","templated":true}]}}

<p>Miete von einzelnen Stunden, Blöcken von mehreren Stunden oder ganze Tage möglich.&nbsp;<br>Langzeitmieten haben gegenüber Einzelstunden Vorrang, Einzelstunden können jederzeit direkt <a href="https://www.sternen-menziken.ch/wp/online-reservation/">online</a> reserviert werden. Für Stundenblöcke, Tagesmieten und Langzeitmieten wenden Sie sich bitte an Gabi Locher über das Kontaktformular oder Tel. +41(0)78 794 29 37. Die Hallenmiete ist jeweils bei Schlüsselübergabe (im Voraus) zu begleichen.</p>
<p><a href="https://www.sternen-menziken.ch/wp/wp-content/uploads/2025/10/Halle5737Preisplan2025.pdf">Halle5737 Preisplan 2025</a></p>
<p><a href="https://www.sternen-menziken.ch/wp/wp-content/uploads/2025/10/Hausordnung-Halle5737.2025.pdf">Hausordnung Halle5737 (Stand 2025)</a></p>
<p>Hier gehts zur <a href="https://www.sternen-menziken.ch/wp/belegungsplan/">Reservation</a></p>


<p class="wp-block-paragraph"></p>

<p>Miete von einzelnen Stunden, Blöcken von mehreren Stunden oder ganze Tage möglich.&nbsp;Langzeitmieten haben gegenüber Einzelstunden Vorrang, Einzelstunden können jederzeit direkt online reserviert werden. Für Stundenblöcke, Tagesmieten und Langzeitmieten wenden Sie sich bitte an Gabi Locher über das Kontaktformular oder Tel. +41(0)78 794 29 37. Die Hallenmiete ist jeweils bei Schlüsselübergabe (im Voraus) zu begleichen. Halle5737 [&hellip;]</p>
